ands digit of 19682126?
6
What is the hundred thousands digit of 138761962?
7
What is the hundreds digit of 72272711?
7
What is the thousands digit of 596026179?
6
What is the units digit of 487563814?
4
What is the hundred thousands digit of 78999802?
9
What is the hundred millions digit of 190021610?
1
What is the tens digit of 78471974?
7
What is the tens digit of 1119956927?
2
What is the thousands digit of 95576726?
6
What is the ten thousands digit of 219689945?
8
What is the millions digit of 29798720?
9
What is the units digit of 1181790961?
1
What is the thousands digit of 30649936?
9
What is the ten thousands digit of 212280241?
8
What is the millions digit of 603443418?
3
What is the hundreds digit of 13876613?
6
What is the thousands digit of 9269739888?
9
What is the tens digit of 3643478887?
8
What is the ten millions digit of 1117776564?
1
What is the units digit of 2661349164?
4
What is the units digit of 142624197?
7
What is the ten millions digit of 929995603?
2
What is the ten thousands digit of 110485504?
8
What is the units digit of 59562436?
6
What is the hundreds digit of 614074804?
8
What is the ten millions digit of 663084957?
6
What is the ten millions digit of 167094509?
6
What is the millions digit of 251585707?
1
What is the hundreds digit of 3053388778?
7
What is the thousands digit of 1772252921?
2
What is the hundreds digit of 423488999?
9
What is the units digit of 1375088990?
0
What is the ten millions digit of 60728792?
6
What is the ten thousands digit of 60513160?
1
What is the tens digit of 37912563?
6
What is the units digit of 689372106?
6
What is the ten millions digit of 6115929738?
1
What is the units digit of 4670522?
2
What is the thousands digit of 2916204362?
4
What is the millions digit of 787697160?
7
What is the hundred millions digit of 622986225?
6
What is the ten thousands digit of 36879806?
7
What is the thousands digit of 2837348070?
8
What is the thousands digit of 39505185?
5
What is the hundred thousands digit of 1396852592?
8
What is the thousands digit of 444542305?
2
What is the thousands digit of 2267427027?
7
What is the tens digit of 282486828?
2
What is the millions digit of 27066889?
7
What is the thousands digit of 1089852546?
2
What is the hundred millions digit of 560885476?
5
What is the thousands digit of 9570212?
0
What is the tens digit of 1417999074?
7
What is the tens digit of 61547205?
0
What is the hundreds digit of 50548560?
5
What is the units digit of 386762966?
6
What is the hundreds digit of 54256213?
2
What is the thousands digit of 159685670?
5
What is the millions digit of 627577632?
7
What is the hundred thousands digit of 527699957?
6
What is the tens digit of 5927749?
4
What is the ten thousands digit of 76341551?
4
What is the thousands digit of 306335308?
5
What is the millions digit of 597389610?
7
What is the hundreds digit of 43140169?
1
What is the tens digit of 195039218?
1
What is the billions digit of 4672773174?
4
What is the hundred thousands digit of 1128622798?
6
What is the units digit of 1682299631?
1
What is the ten thousands digit of 270372575?
7
What is the thousands digit of 237667258?
7
What is the hundred thousands digit of 665401854?
4
What is the hundreds digit of 3533874308?
3
What is the millions digit of 2337326100?
7
What is the thousands digit of 33043393?
3
What is the ten thousands digit of 6354587?
5
What is the thousands digit of 788537348?
7
What is the thousands digit of 2761986426?
6
What is the tens digit of 588197162?
6
What is the millions digit of 285072619?
5
What is the thousands digit of 114650806?
0
What is the thousands digit of 80242196?
2
What is the thousands digit of 90205869?
5
What is the hundred thousands digit of 146439065?
4
What is the hundred thousands digit of 20589403?
5
What is the hundreds digit of 469874188?
1
What is the ten thousands digit of 3040485265?
8
What is the tens digit of 387701276?
7
What is the units digit of 668246519?
9
What is the units digit of 341568380?
0
What is the hundred thousands digit of 48610362?
6
What is the hundred millions digit of 117520734?
1
What is the ten millions digit of 1158933414?
5
What is the hundreds digit of 353570910?
9
What is the thousands digit of 448030630?
0
What is the ten thousands digit of 215235458?
3
What is the hundreds digit of 816039012?
0
What is the hundred thousands digit of 319022955?
0
What is the thousands digit of 72483200?
3
What is the hundreds digit of 40361696?
6
What is the thousands digit of 744107963?
7
What is the tens digit of 22224754?
5
What is the ten millions digit of 220879801?
2
What is the ten millions digit of 229380619?
2
What is the millions digit of 196386332?
6
What is the hundreds digit of 4576500111?
1
What is the hundreds digit of 182236788?
7
What is the millions digit of 2249823802?
9
What is the units digit of 84765479?
9
What is the thousands digit of 17370379?
0
What is the ten thousands digit of 3076961773?
6
What is the ten thousands digit of 117058802?
5
What is the billions digit of 1249572524?
1
What is the millions digit of 426003296?
6
What is the billions digit of 5286426452?
5
What is the hundred thousands digit of 35188060?
1
What is the ten millions digit of 659701726?
5
What is the ten millions digit of 1863594196?
6
What is the ten thousands digit of 97636173?
3
What is the hundreds digit of 4138962661?
6
What is the hundred thousands digit of 202114088?
1
What is the millions digit of 83317203?
3
What is the ten thousands digit of 174945292?
4
What is the millions digit of 199584952?
9
What is the ten millions digit of 571349054?
7
What is the tens digit of 261686608?
0
What is the ten thousands digit of 704471771?
7
What is the units digit of 22390084?
4
What is the ten thousands digit of 128908656?
0
What is the tens digit of 11208649?
4
What is the ten thousands digit of 538390734?
9
What is the ten millions digit of 95225996?
9
What is the millions digit of 356810722?
6
What is the thousands digit of 408268249?
8
What is the hundred thousands digit of 3956807991?
8
What is the ten thousands digit of 552237876?
3
What is the hundred thousands digit of 1175626573?
6
What is the units digit of 162137834?
4
What is the hundreds digit of 1426735269?
2
What is the billions digit of 2495928392?
2
What is the units digit of 89026560?
0
What is the ten millions digit of 39495824?
3
What is the thousands digit of 211905125?
5
What is the millions digit of 90640551?
0
What is the hundred millions digit of 3100524374?
1
What is the ten thousands digit of 1790066228?
6
What is the tens digit of 2194787640?
4
What is the thousands digit of 110624926?
4
What is the millions digit of 64105853?
4
What is the ten thousands digit of 46177237?
7
What is the millions digit of 126180252?
6
What is the ten thousands digit of 234828287?
2
What is the millions digit of 35834352?
5
What is the units digit of 727396709?
9
What is the thousands digit of 1302309453?
9
What is the ten thousands digit of 67308097?
0
What is the tens digit of 121617109?
0
What is the units digit of 255325010?
0
What is the hundreds digit of 1208336609?
6
What is the thousands digit of 1112776389?
6
What is the units digit of 6845044595?
5
What is the thousands digit of 1222502932?
2
What is the billions digit of 4277800759?
4
What is the thousands digit of 5073394951?
4
What is the millions digit of 1486538933?
6
What is the millions digit of 53370477?
3
What is the hundred millions digit of 446965900?
4
What is the billions digit of 1299635870?
1
What is the tens digit of 216908338?
3
What is the thousands digit of 132076463?
6
What is the units digit of 40390738?
8
What is the millions digit of 81785202?
1
What is the tens digit of 82658436?
3
What is the hundreds digit of 1030851776?
7
What is the hundred millions digit of 857744840?
8
What is the ten thousands digit of 80923424?
2
What is the tens digit of 51319311?
1
What is the hundred thousands digit of 2290001198?
0
What is the hundred millions digit of 1734357529?
7
What is the hundred thousands digit of 34079904?
0
What is the hundred thousands digit of 7340648911?
6
What is the hundred millions digit of 296681125?
2
What is the hundred millions digit of 153197018?
1
What